
5
What is the units digit of 6284?
4
What is the thousands digit of 14440?
4
What is the tens digit of 3606?
0
What is the hundreds digit of 602?
6
What is the units digit of 66719?
9
What is the hundreds digit of 1044?
0
What is the tens digit of 8904?
0
What is the ten thousands digit of 32505?
3
What is the tens digit of 1859?
5
What is the tens digit of 1981?
8
What is the hundreds digit of 66170?
1
What is the hundreds digit of 2603?
6
What is the tens digit of 2330?
3
What is the units digit of 294?
4
What is the thousands digit of 48175?
8
What is the tens digit of 120218?
1
What is the hundreds digit of 2452?
4
What is the hundreds digit of 3471?
4
What is the units digit of 1124?
4
What is the hundreds digit of 3044?
0
What is the tens digit of 45?
4
What is the units digit of 4140?
0
What is the ten thousands digit of 97819?
9
What is the hundreds digit of 4558?
5
What is the hundreds digit of 6395?
3
What is the ten thousands digit of 71991?
7
What is the hundreds digit of 11569?
5
What is the tens digit of 2061?
6
What is the units digit of 679?
9
What is the thousands digit of 8841?
8
What is the thousands digit of 163681?
3
What is the hundreds digit of 11167?
1
What is the tens digit of 421?
2
What is the tens digit of 2026?
2
What is the ten thousands digit of 11027?
1
What is the hundreds digit of 19514?
5
What is the hundreds digit of 11408?
4
What is the thousands digit of 82235?
2
What is the tens digit of 3386?
8
What is the units digit of 421?
1
What is the tens digit of 511?
1
What is the units digit of 4516?
6
What is the ten thousands digit of 17084?
1
What is the hundreds digit of 55948?
9
What is the tens digit of 3540?
4
What is the units digit of 667?
7
What is the hundreds digit of 60993?
9
What is the tens digit of 1417?
1
What is the thousands digit of 6940?
6
What is the units digit of 6015?
5
What is the thousands digit of 76710?
6
What is the ten thousands digit of 10270?
1
What is the units digit of 498?
8
What is the thousands digit of 28761?
8
What is the ten thousands digit of 88641?
8
What is the tens digit of 3198?
9
What is the hundreds digit of 1235?
2
What is the units digit of 1398?
8
What is the ten thousands digit of 10754?
1
What is the hundreds digit of 3149?
1
What is the units digit of 36?
6
What is the hundreds digit of 3457?
4
What is the units digit of 1128?
8
What is the hundreds digit of 1832?
8
What is the thousands digit of 92890?
2
What is the units digit of 60933?
3
What is the tens digit of 4123?
2
What is the tens digit of 611?
1
What is the hundreds digit of 2832?
8
What is the tens digit of 2032?
3
What is the units digit of 210?
0
What is the units digit of 47000?
0
What is the tens digit of 15081?
8
What is the thousands digit of 2598?
2
What is the hundreds digit of 19983?
9
What is the tens digit of 2235?
3
What is the hundreds digit of 949?
9
What is the hundreds digit of 1348?
3
What is the ten thousands digit of 91459?
9
What is the thousands digit of 3073?
3
What is the units digit of 38158?
8
What is the units digit of 782?
2
What is the units digit of 1312?
2
What is the hundreds digit of 566?
5
What is the tens digit of 117?
1
What is the units digit of 2594?
4
What is the units digit of 14834?
4
What is the units digit of 13551?
1
What is the units digit of 3193?
3
What is the thousands digit of 3450?
3
What is the tens digit of 29807?
0
What is the hundred thousands digit of 102354?
1
What is the tens digit of 3413?
1
What is the hundreds digit of 4143?
1
What is the tens digit of 40049?
4
What is the hundreds digit of 6349?
3
What is the ten thousands digit of 13672?
1
What is the tens digit of 6559?
5
What is the tens digit of 17013?
1
What is the tens digit of 139347?
4
What is the thousands digit of 101293?
1
What is the units digit of 15201?
1
What is the tens digit of 3527?
2
What is the hundreds digit of 886?
8
What is the units digit of 5906?
6
What is the thousands digit of 5453?
5
What is the hundreds digit of 28841?
8
What is the units digit of 218?
8
What is the ten thousands digit of 21287?
2
What is the units digit of 63274?
4
What is the hundreds digit of 14556?
5
What is the units digit of 1314?
4
What is the ten thousands digit of 124507?
2
What is the tens digit of 762?
6
What is the tens digit of 995?
9
What is the thousands digit of 2121?
2
What is the hundreds digit of 32545?
5
What is the ten thousands digit of 10191?
1
What is the units digit of 278?
8
What is the units digit of 932?
2
What is the thousands digit of 17508?
7
What is the tens digit of 40401?
0
What is the units digit of 3116?
6
What is the units digit of 1180?
0
What is the hundreds digit of 61752?
7
What is the tens digit of 546?
4
What is the thousands digit of 11341?
1
What is the tens digit of 2620?
2
What is the units digit of 9415?
5
What is the units digit of 11122?
2
What is the hundreds digit of 674?
6
What is the ten thousands digit of 28788?
2
What is the hundreds digit of 83998?
9
What is the units digit of 179?
9
What is the hundreds digit of 3795?
7
What is the units digit of 13762?
2
What is the tens digit of 2324?
2
What is the hundreds digit of 17858?
8
What is the hundreds digit of 4393?
3
What is the thousands digit of 3690?
3
What is the units digit of 195?
5
What is the ten thousands digit of 19715?
1
What is the thousands digit of 20736?
0
What is the hundreds digit of 2071?
0
What is the hundreds digit of 36716?
7
What is the hundreds digit of 3242?
2
What is the hundreds digit of 2696?
6
What is the hundreds digit of 598?
5
What is the ten thousands digit of 19653?
1
What is the thousands digit of 2924?
2
What is the units digit of 33333?
3
What is the units digit of 44399?
9
What is the hundreds digit of 1752?
7
What is the ten thousands digit of 81140?
8
What is the thousands digit of 1291?
1
What is the units digit of 19976?
6
What is the units digit of 927?
7
What is the tens digit of 28059?
5
What is the hundreds digit of 2429?
4
What is the units digit of 22194?
4
What is the hundreds digit of 9851?
8
What is the ten thousands digit of 57482?
5
What is the tens digit of 9685?
8
What is the units digit of 94880?
0
What is the hundreds digit of 23353?
3
What is the tens digit of 2929?
2
What is the thousands digit of 3553?
3
What is the tens digit of 761?
6
What is the thousands digit of 17445?
7
What is the hundreds digit of 6488?
4
What is the thousands digit of 7368?
7
What is the hundreds digit of 762?
7
What is the hundreds digit of 13581?
5
What is the hundreds digit of 5615?
6
What is the units digit of 2655?
5
What is the tens digit of 941?
4
What is the tens digit of 413?
1
What is the hundreds digit of 8486?
4
What is the tens digit of 9510?
1
What is the units digit of 1495?
5
What is the units digit of 24448?
8
What is the hundreds digit of 7780?
7
What is the hundreds digit of 16665?
6
What is the thousands digit of 3568?
3
What is the thousands digit of 13999?
3
What is the units digit of 5716?
6
What is the tens digit of 20?
2
What is the hundreds digit of 29277?
2
What is the tens digit of 87?
8
What is the units digit of 1090?
0
What is the units digit of 42449?
9
What is the hundreds digit of 3369?
3
What is the hundreds digit of 7059?
0
What is the units digit of 2083?
3
What is the thousands digit of 23191?
3
What is the hundreds digit of 9061?
0
What is the units digit of 2413?
3
What is the ten thousands digit of 11334?
1
What is the tens digit of 12831?
3
What is the thousands digit of 21313?
1
What is the hundreds digit of 13944?
9
What is the units digit of 3101?
1
What is the units digit of 40684?
4
What is the thousands digit of 70482?
0
What is the units digit of 874?
4
What is the hundreds digit of 2526?
5
What is the tens digit of 3657?
5
What is the hundreds digit of 997?
9
What is the hundreds digit of 2405?
4
What is the tens digit of 95?
9
What is the hundreds digit of 2111?
1
What is the hundreds digit of 2253?
2
What is the thousands digit of 2592?
2
What is the tens digit of 1508?
0
What is the hundreds digit of 30915?
9
What is the hundreds digit of 2289?
2
What is the hundreds digit of 225?
2
What is the hundreds digit of 18318?
3
What is the hundreds digit of 10639?
6
What is the thousands digit of 23599?
3